2 is divided by 351?
350
Calculate the remainder when 7273 is divided by 24.
1
What is the remainder when 111157 is divided by 993?
934
Calculate the remainder when 2409789 is divided by 978.
975
Calculate the remainder when 12983 is divided by 72.
23
Calculate the remainder when 1651 is divided by 819.
13
Calculate the remainder when 5173 is divided by 104.
77
Calculate the remainder when 1395490 is divided by 84.
82
Calculate the remainder when 7961 is divided by 100.
61
What is the remainder when 1705 is divided by 74?
3
Calculate the remainder when 25764 is divided by 280.
4
What is the remainder when 50468 is divided by 383?
295
What is the remainder when 48687 is divided by 4868?
7
Calculate the remainder when 59005 is divided by 188.
161
Calculate the remainder when 507 is divided by 130.
117
Calculate the remainder when 164557 is divided by 55.
52
Calculate the remainder when 11466 is divided by 608.
522
Calculate the remainder when 7480 is divided by 1863.
28
What is the remainder when 430567 is divided by 318?
313
What is the remainder when 10749 is divided by 118?
11
What is the remainder when 1338 is divided by 80?
58
Calculate the remainder when 97624 is divided by 307.
305
What is the remainder when 111231 is divided by 4?
3
What is the remainder when 122524 is divided by 11?
6
What is the remainder when 5057 is divided by 640?
577
Calculate the remainder when 68803 is divided by 65.
33
What is the remainder when 68374 is divided by 514?
12
What is the remainder when 13290 is divided by 1207?
13
Calculate the remainder when 7597 is divided by 569.
200
What is the remainder when 2603 is divided by 218?
205
Calculate the remainder when 2429 is divided by 401.
23
Calculate the remainder when 5712 is divided by 5677.
35
Calculate the remainder when 28880 is divided by 9619.
23
Calculate the remainder when 42340 is divided by 6.
4
Calculate the remainder when 315361 is divided by 70.
11
What is the remainder when 150613 is divided by 170?
163
What is the remainder when 16673 is divided by 2083?
9
Calculate the remainder when 39581 is divided by 281.
241
What is the remainder when 30 is divided by 8?
6
What is the remainder when 5926 is divided by 5895?
31
What is the remainder when 2113 is divided by 246?
145
What is the remainder when 1896 is divided by 171?
15
What is the remainder when 3343 is divided by 123?
22
Calculate the remainder when 2708 is divided by 896.
20
Calculate the remainder when 1914 is divided by 881.
152
What is the remainder when 3021 is divided by 503?
3
What is the remainder when 6589 is divided by 122?
1
What is the remainder when 44249 is divided by 149?
145
What is the remainder when 10726 is divided by 430?
406
What is the remainder when 56722 is divided by 298?
102
Calculate the remainder when 405721 is divided by 15.
1
What is the remainder when 767 is divided by 371?
25
What is the remainder when 13792 is divided by 3435?
52
What is the remainder when 2542213 is divided by 15?
13
What is the remainder when 358268 is divided by 157?
151
Calculate the remainder when 236247 is divided by 114.
39
Calculate the remainder when 10173 is divided by 10171.
2
Calculate the remainder when 23009 is divided by 237.
20
What is the remainder when 390875 is divided by 1120?
1115
What is the remainder when 48359 is divided by 27?
2
What is the remainder when 12915 is divided by 4066?
717
What is the remainder when 595 is divided by 13?
10
What is the remainder when 21421 is divided by 141?
130
What is the remainder when 1788 is divided by 447?
0
Calculate the remainder when 2545 is divided by 137.
79
What is the remainder when 5130 is divided by 116?
26
What is the remainder when 26705 is divided by 13343?
19
Calculate the remainder when 101907 is divided by 81.
9
Calculate the remainder when 247 is divided by 111.
25
What is the remainder when 633 is divided by 486?
147
What is the remainder when 180365 is divided by 49?
45
What is the remainder when 293 is divided by 225?
68
Calculate the remainder when 9845 is divided by 20.
5
What is the remainder when 697407 is divided by 9?
6
Calculate the remainder when 45030 is divided by 56.
6
What is the remainder when 7572 is divided by 469?
68
Calculate the remainder when 14772 is divided by 178.
176
Calculate the remainder when 14384 is divided by 3595.
4
What is the remainder when 29469 is divided by 685?
14
Calculate the remainder when 138366 is divided by 23059.
12
What is the remainder when 4518 is divided by 958?
686
Calculate the remainder when 46800 is divided by 22.
6
What is the remainder when 1355194 is divided by 24?
10
Calculate the remainder when 77326 is divided by 16.
14
What is the remainder when 1779198 is divided by 359?
353
What is the remainder when 1044 is divided by 340?
24
Calculate the remainder when 5507 is divided by 898.
119
What is the remainder when 35884 is divided by 2391?
19
What is the remainder when 729 is divided by 4?
1
Calculate the remainder when 49058 is divided by 11.
9
Calculate the remainder when 103639 is divided by 18.
13
What is the remainder when 1383 is divided by 57?
15
Calculate the remainder when 3897 is divided by 3839.
58
Calculate the remainder when 227 is divided by 200.
27
What is the remainder when 18652 is divided by 777?
4
Calculate the remainder when 7447 is divided by 656.
231
Calculate the remainder when 504642 is divided by 147.
138
Calculate the remainder when 75942 is divided by 439.
434
What is the remainder when 3577 is divided by 301?
266
Calculate the remainder when 109731 is divided by 465.
456
Calculate the remainder when 2058908 is divided by 59.
44
Calculate the remainder when 4473 is divided by 18.
9
What is the remainder when 7822 is divided by 320?
142
Calculate the remainder when 1270408 is divided by 255.
253
Calculate the remainder when 58037 is divided by 29014.
9
What is the remainder when 224017 is divided by 202?
201
What is the remainder when 5795 is divided by 267?
188
Calculate the remainder when 250718 is divided by 250713.
5
Calculate the remainder when 4985 is divided by 830.
5
Calculate the remainder when 99885 is divided by 14244.
177
What is the remainder when 5673 is divided by 129?
126
What is the remainder when 34093 is divided by 85?
8
What is the remainder when 351645 is divided by 144?
141
What is the remainder when 51143 is divided by 37?
9
Calculate the remainder when 1359081 is divided by 331.
326
Calculate the remainder when 7237 is divided by 2241.
514
What is the remainder when 46725 is divided by 83?
79
What is the remainder when 211427 is divided by 28?
27
Calculate the remainder when 73956 is divided by 14791.
1
Calculate the remainder when 13916 is divided by 143.
45
What is the remainder when 192707 is divided by 192679?
28
Calculate the remainder when 1579 is divided by 71.
17
What is the remainder when 5365 is divided by 907?
830
What is the remainder when 125003 is divided by 55?
43
Calculate the remainder when 193935 is divided by 8.
7
What is the remainder when 321134 is divided by 188?
30
Calculate the remainder when 1442 is divided by 348.
50
What is the remainder when 1365 is divided by 138?
123
What is the remainder when 116553 is divided by 58274?
5
Calculate the remainder when 75482 is divided by 31.
28
What is the remainder when 41681 is divided by 20833?
15
Calculate the remainder when 14601 is divided by 4864.
9
What is the remainder when 706017 is divided by 82?
79
What is the remainder when 2637 is divided by 328?
13
Calculate the remainder when 9873 is divided by 4930.
13
What is the remainder when 59707 is divided by 30?
7
What is the remainder when 91881 is divided by 550?
31
What is the remainder when 174237 is divided by 174215?
22
What is the remainder when 2409342 is divided by 15?
12
What is the remainder when 3562 is divided by 3532?
30
Calculate the remainder when 36843 is divided by 213.
207
What is the remainder when 2649 is divided by 24?
9
Calculate the remainder when 27246 is divided by 13618.
10
Calculate the remainder when 2018 is divided by 1122.
896
What is the remainder when 1284122 is divided by 226?
216
Calculate the remainder when 752 is divided by 4.
0
What is the remainder when 15968 is divided by 3138?
278
What is the rem